?
True
Is 201389 prime?
True
Is 411851 prime?
False
Is 1096033 a composite number?
True
Is 308393 a prime number?
False
Is 3057 a composite number?
True
Is 6951013 prime?
True
Is 4087415 composite?
True
Is 114113 a prime number?
True
Is 42791 composite?
True
Is 889 prime?
False
Is 18797 a prime number?
True
Is 61033 composite?
True
Is 215701 a composite number?
True
Is 3223 composite?
True
Is 13649 prime?
True
Is 979 a composite number?
True
Is 43599 a prime number?
False
Is 168977 prime?
True
Is 2563 composite?
True
Is 13649 composite?
False
Is 2407 a composite number?
True
Is 169571 composite?
True
Is 2069079 composite?
True
Is 7199 composite?
True
Is 1097401 composite?
True
Is 130173 composite?
True
Is 4360489 prime?
False
Is 774109 prime?
False
Is 1247 composite?
True
Is 552989 a composite number?
True
Is 382 a prime number?
False
Is 13963 prime?
True
Is 673 prime?
True
Is 61519 a composite number?
False
Is 8411 prime?
False
Is 885869 composite?
False
Is 29347 composite?
False
Is 160481 composite?
False
Is 4891 a prime number?
False
Is 121287 composite?
True
Is 18187 a composite number?
True
Is 84089 prime?
True
Is 1775677 prime?
False
Is 2827 prime?
False
Is 11335 composite?
True
Is 6799 prime?
False
Is 3637 prime?
True
Is 207349 composite?
True
Is 54989 prime?
False
Is 99433 a prime number?
False
Is 33791 prime?
True
Is 6947 prime?
True
Is 397273 composite?
True
Is 2046511 a prime number?
False
Is 1054457 composite?
False
Is 55973 prime?
False
Is 5303 a composite number?
False
Is 10313 a composite number?
False
Is 85751 a prime number?
True
Is 13931 prime?
True
Is 449126 a composite number?
True
Is 8609 composite?
False
Is 22609 prime?
False
Is 1421299 a prime number?
False
Is 3943 prime?
True
Is 389 composite?
False
Is 2192453 composite?
True
Is 717191 a prime number?
True
Is 35491 prime?
True
Is 93531 composite?
True
Is 377369 a prime number?
True
Is 247621 prime?
False
Is 25001 prime?
False
Is 9829 composite?
False
Is 11269 a prime number?
False
Is 1901 composite?
False
Is 5791 a prime number?
True
Is 28319 composite?
False
Is 14501 composite?
True
Is 57347 a prime number?
True
Is 35179 a composite number?
True
Is 307 a prime number?
True
Is 40778 prime?
False
Is 765767 composite?
False
Is 273601 prime?
True
Is 28463 a composite number?
False
Is 85159 composite?
False
Is 3947 prime?
True
Is 312269 prime?
True
Is 2981 prime?
False
Is 87403 a prime number?
True
Is 43922 a composite number?
True
Is 12179 a composite number?
True
Is 394931 prime?
True
Is 91555 prime?
False
Is 2953 a prime number?
True
Is 511 a composite number?
True
Is 521549 a composite number?
True
Is 156467 a composite number?
False
Is 157345 a prime number?
False
Is 36233 a composite number?
True
Is 104947 a prime number?
True
Is 105457 a prime number?
False
Is 8501 a prime number?
True
Is 903079 a prime number?
True
Is 1111 composite?
True
Is 257929 prime?
False
Is 2309491 a composite number?
False
Is 263 a prime number?
True
Is 519055 prime?
False
Is 286913 a composite number?
True
Is 21711 composite?
True
Is 440894 a composite number?
True
Is 3639 a prime number?
False
Is 5701 a prime number?
True
Is 352991 prime?
True
Is 109357 a composite number?
False
Is 39133 a prime number?
True
Is 30727 composite?
False
Is 17495 composite?
True
Is 1344417 a composite number?
True
Is 25057 prime?
True
Is 372181 a composite number?
True
Is 13093 prime?
True
Is 117427 a prime number?
True
Is 557605 a prime number?
False
Is 43247 prime?
False
Is 414863 a composite number?
True
Is 26581 prime?
False
Is 1151 composite?
False
Is 307243 composite?
False
Is 468049 a composite number?
False
Is 1495687 composite?
False
Is 19069 a prime number?
True
Is 67451 a composite number?
True
Is 774481 a composite number?
True
Is 21761 prime?
False
Is 391 a prime number?
False
Is 14255 prime?
False
Is 273739 a prime number?
True
Is 8147 composite?
False
Is 19957 a prime number?
False
Is 16301 composite?
False
Is 319943 a prime number?
False
Is 21653 prime?
False
Is 1724957 a prime number?
False
Is 86543 a composite number?
True
Is 591271 prime?
True
Is 1000151 a prime number?
True
Is 2921 a prime number?
False
Is 521 a composite number?
False
Is 143873 prime?
True
Is 4319 a composite number?
True
Is 10357 composite?
False
Is 25859 a composite number?
True
Is 267713 a composite number?
False
Is 23501 prime?
False
Is 58831 a composite number?
False
Is 61951 composite?
True
Is 18113 prime?
False
Is 7717 composite?
False
Is 1211 composite?
True
Is 432467 a composite number?
True
Is 36383 a prime number?
True
Is 91697 composite?
True
Is 19419 composite?
True
Is 265463 a prime number?
False
Is 3551 prime?
False
Is 73497 composite?
True
Is 27427 a prime number?
True
Is 23614 prime?
False
Is 1618 composite?
True
Is 14143 a composite number?
False
Is 28277 a prime number?
True
Is 997 prime?
True
Is 21697 a prime number?
False
Is 211859 a composite number?
False
Is 5027 composite?
True
Is 9923 prime?
True
Is 7255 composite?
True
Is 466007 composite?
True
Is 42286 prime?
False
Is 673 prime?
True
Is 100993 prime?
False
Is 1423 a composite number?
False
Is 2633 a composite number?
False
Is 191 a composite number?
False
Is 59543 prime?
False
Is 31769 a composite number?
False
Is 41423 a prime number?
False
Is 261167 a composite number?
False
Is 97009 prime?
False
Is 102781 a composite number?
True
Is 63881 composite?
True
Is 1432243 prime?
True
Is 125777 a prime number?
True
Is 25287 a composite number?
True
Is 2673051 composite?
True
Is 67589 a prime number?
True
Is 16741 composite?
False
Is 10747 composite?
True
Is 10327 a prime number?
False
Is 29501 composite?
False
Is 11467 a prime number?
True
Is 61991 composite?
False
Is 68461 a prime number?
False
Is 7187 prime?
True
Is 244849 a prime number?
False
Is 136985 a prime number?
False
Is 233997 prime?
False
Is 1035103 a prime number?
False
Is 1112305 a composite number?
True
Is 862171 prime?
True
Is 9967 prime?
True
Is 5489 composite?
True
Is 727 a prime number?
True
Is 993 a prime number?
False
Is 339569 prime?
False
Is 5501 composite?
False
Is 80119 prime?
False
Is 406779 composite?
True
Is 327563 prime?
False
Is 804013 a composite number?
True
Is 1296877 composite?
False
Is 11755 composite?
True
Is 333857 prime?
True
Is 143471 prime?
False
Is 60509 a composite number?
False
Is 460531 a prime number?
True
Is 4822 prime?
False
Is 5737 a prime number?
True
Is 4789 prime?
True
Is 18794 composite?
True
Is 66041 a composite number?
False
Is 4721 a composite number?
False
Is 72763 prime?
True
Is 176629 a prime number?
True
Is 232043 a composite number?
True
Is 82439 composite?
True
Is 28363 a prime number?
False
Is 45418 a prime number?
False
Is 501329 prime?
False
Is 2499247 composite?
False
Is 1580827 prime?
False
Is 779431 a prime number?
False
Is 341729 composite?
False
Is 152981 prime?
True
Is 3833 prime?
True
Is 242693 a prime number?
False
Is 1574 prime?
False
Is 2815 a composite number?
True
Is 15049 composite?
True
Is 1127053 composite?
True
Is 23995 composite?
True
Is 5351 prime?
True
Is 252167 prime?
False
Is 16381 a composite number?
False
Is 168271 prime?
False
Is 64763 composite?
False
Is 51409 a prime number?
False
Is 186607 prime?
False
Is 21847 a composite number?
True
Is 35599 a prime number?
False
Is 1439927 a composite number?
False
Is 28129 a prime number?
False
Is 33547 a composite number?
False
Is 243419 a composite number?
True
Is 22751 a composite number?
False
Is 9586 a composite number?
True
Is 694 prime?
False
Is 4267 prime?
False
Is 184661 a composite number?
True
Is 158089 a prime number?
False
Is 486635 prime?
False
Is 1055 a prime number?
False
Is 16631 a prime number?
True
Is 137651 prime?
False
Is 560393 prime?
True
Is 85385 a composite number?
True
Is 2959053 composite?
True
Is 660643 a prime number?
True
Is 4097503 a composite number?
False
Is 83833 a composite number?
False
Is 28285 a composite number?
True
Is 3343477 a prime number?
False
Is 129001 composite?
False
Is 76501 a composite number?
True
Is 15601 a composite number?
False
Is 397457 composite?
True
Is 2038363 a prime number?
True
Is 324245 composite?
True
Is 34003 prime?
False
Is 35779 a prime number?
False
Is 127369 composite?
True
Is 381853 a prime number?
T